ermine l(-6).
15
Let y(g) = g**2 + 13*g - 5. Let u be -6*3/6*5. Calculate y(u).
25
Let k(s) be the second derivative of 0 + 9/2*s**2 - 21*s - 1/20*s**5 + 0*s**4 + 0*s**3. Determine k(0).
9
Let u = 186 - 180. Suppose 2 = -3*a + 5*a. Let k(j) = a + 6*j - j**2 + 5 + 0*j**2 + 0*j. What is k(u)?
6
Suppose -5*q + 2 = 12. Let c = q + 6. Let s(l) = 4*l**2 - c*l - 2 - 5*l**2 - l**3 - l**2. What is s(-2)?
6
Let x(j) = j**3 - 7*j**2 - j - 1. Let t be x(0). Let b(f) = f. Determine b(t).
-1
Let y = 153 + -104. Let v be (-14)/y + 9/7. Let x = 4 + v. Let f(j) = 2*j - 6. Determine f(x).
4
Suppose -11*w + 15 = -6*w. Suppose w*h + v + 12 = -2*v, -10 = h + 4*v. Let n(t) = -3*t**3 - 4*t**2 - 3*t - 1. Determine n(h).
13
Let m(k) = -2*k**3 + 16*k**2 - 4*k + 28. Let p be m(8). Let w(o) = -o**3 - 2*o**2 + 6*o + 5. What is w(p)?
13
Let a = 87 + -90. Let q(w) = -w**3 - 2*w**2 - w - 1. Calculate q(a).
11
Let s(u) = -u**2 - 24*u - 130. Let w be s(-17). Let y(g) = g**3 + 11*g**2 + g - 9. Give y(w).
-20
Suppose 3*a + 67*r - 9 = 68*r, 5*a - 15 = -4*r. Let y(i) = -2*i**2 + 4*i - 3. Calculate y(a).
-9
Let j(u) = u**2 - 2*u - 5. Let z(r) = -1. Suppose 5*x = -4*h - 5 - 8, 4 = -4*h + 4*x. Let q(d) = h*z(d) - j(d). Let n be (-2)/(16/10 + -2). Determine q(n).
-8
Let l(t) = 2*t. Let s = -65 + 75. Suppose 10 + s = -4*n. Calculate l(n).
-10
Let z(y) = -2*y + 11. Let l be (-256)/192*(0 + (-66)/8). Calculate z(l).
-11
Let v = 2759 - 2759. Let a(w) = 2*w**2 - 6 - 9 - 3*w**2. Determine a(v).
-15
Suppose 14 - 46 = -4*d. Let h(o) = -4 + d - 4*o + o**3 - 2*o + 4 + 6*o**2. Calculate h(-7).
1
Suppose -2*c - 4*b = 4, 4 = -0*c + c - b. Let o(f) = f**2 - 6*f**2 + 4*f**2 + 0*f**c. Give o(0).
0
Suppose 0 = 10*p - 4*p - 12. Suppose -h = p*h, 2*r = -5*h + 16. Let y(v) = -v + 13. Calculate y(r).
5
Let g(x) = x**2 - 7*x + 6. Let d be 1 + -12 - -1 - -3. Let u = d - -13. What is g(u)?
0
Suppose -5*s - 20 = -5*x + 2*x, 16 = -5*x - 4*s. Suppose 0 = -4*y - x - 12. Let i(r) = 1 - 1 + r. What is i(y)?
-3
Let u(p) = 3*p - 17. Let l(h) = -2*h + 9. Let m(k) = k - 18. Let g be m(16). Let i be (4 + -10)*(-1)/g. Let f(x) = i*u(x) - 5*l(x). What is f(-4)?
2
Let o(w) be the second derivative of w**5/20 - 7*w**4/12 + w**3/3 - 9*w**2/2 + 19*w. Let s(r) = 3*r**2 + 2*r - 1. Let u be s(-2). What is o(u)?
5
Let i = 17 - 14. Suppose -i*v + 2*v = 5. Let j(z) be the third derivative of -z**5/60 - z**4/6 - z**3/6 + 2*z**2. Calculate j(v).
-6
Let b(c) = c. Let k(l) = l**2 - 15*l + 2. Let o be k(15). Suppose -p + 4*p + 20 = -4*f, 0 = -o*p + f + 5. Suppose p = -3*i - 2*i + 10. What is b(i)?
2
Let m(l) = -3*l - 4. Let w be m(-4). Let r(u) = -2*u**2 - 5*u**2 - 8 + 19651*u + 6*u**2 - 3 - 19642*u. Give r(w).
-3
Let p(x) = -11*x + 29*x - 13*x - 9*x - 9. Determine p(-4).
7
Let v(x) = 2*x**2 - 7*x + 6. Let u(d) = d**2 - d + 1. Let a(w) = -u(w) + v(w). Let j(r) = -r**3 - 3*r**2 - r + 2. Let p be j(-3). Give a(p).
0
Let n(x) = -x**3 - 4*x**2 - 4*x. Suppose 14 = -7*s + 9*s. Let j(q) = -q**3 + 18*q**2 - 15*q - 17. Let o be j(17). Suppose -8*g = s + o. Calculate n(g).
3
Let d(t) = -3 - 42*t - 32*t + 118*t - 42*t. Calculate d(2).
1
Let n = 395 + -384. Let u(v) = -3*v + 11. Give u(n).
-22
Let v = -21 + 26. Let m(i) = -i**3 - 11*i**2 - 10*i + 2. Let x be m(-10). Let o(p) = -p**2 + 4 + v - x - 4. What is o(3)?
-6
Let y = 490 - 487. Let d(w) = -2*w**2 + w + 2. What is d(y)?
-13
Let w = 879 - 873. Let c(r) = -r**3 + 7*r**2 - 7*r - 3. Give c(w).
-9
Let x(k) = 19*k + 3 + 6*k**2 + 31*k - 7*k**2 - 51*k - k**3. Calculate x(0).
3
Let m(b) be the third derivative of b**4/12 - b**3/3 + b**2. Let x(j) = j + 4. Let h be x(0). Suppose -12 = f - h*o, 0 = -0*f - 4*f - 3*o + 28. Give m(f).
6
Let p(f) = -10 - 5*f**2 - 138*f - f**2 + 144*f + 5*f**2 + 1. Calculate p(10).
-49
Let m(x) be the second derivative of 9/2*x**2 + 1/6*x**3 + 0 + 47*x. What is m(0)?
9
Let g(b) = -4*b + 1. Let u(c) = c**2 + 3*c + 3. Let w be u(-4). Let q(n) = -n**2 + 7*n. Let o be q(w). Let x be 0 - (-3 + 1 + o). What is g(x)?
-7
Suppose 0 = 12*o - 10*o + 22. Let v(x) = -13*x**2 + 9*x + 7. Let t(b) = -7*b**2 + 5*b + 4. Let d(l) = o*t(l) + 6*v(l). What is d(0)?
-2
Let s(k) = -2*k + 6 + 11*k - 8*k. Let c be (-16)/(-6) - 4/6. Suppose 2*l = -c*l. Give s(l).
6
Let a be (-1767)/(-627) + (1 - 18/22). Let t(m) = 2*m**2 + m. Calculate t(a).
21
Let u(q) = 8 - 5 - q**2 + 103*q - 104*q + 2. Determine u(-4).
-7
Suppose q - 2*x + 8 = 0, 3*q - 2*x = 3*x - 20. Let t(d) be the second derivative of 1/2*d**2 + 1/4*d**4 + q - 4*d + 1/3*d**3. What is t(-1)?
2
Let g = 30 - 30. Let o(l) be the first derivative of 0*l**2 + g*l + 1/3*l**3 - 4. Give o(0).
0
Suppose -3 = -2*i + 4*a - 7, -i + 10 = a. Let p(m) be the third derivative of -m**4/12 + 2*m**3/3 - m**2 - 8*m. Give p(i).
-8
Let u(n) = 22*n + 6. Let t(q) = -4*q - 4. Let z(y) = -7*y - 7. Let m(f) = -5*t(f) + 3*z(f). Let s(w) = -5*m(w) - u(w). Calculate s(1).
-18
Let k = -29 - -33. Let y be (6/(-18))/(1/(-9)). Let c(m) = -k*m - m + y*m + 2. Calculate c(4).
-6
Let d(j) = -16*j**2 - 2*j - 44. Let o(m) = 30*m**2 + 3*m + 89. Let k(h) = 5*d(h) + 3*o(h). Let x(i) be the first derivative of k(i). Calculate x(-1).
-21
Let u(l) be the third derivative of -7*l**2 - 1/12*l**4 + 0*l - 1/6*l**3 + 0*l**5 - 1/20*l**6 + 0. Determine u(-1).
7
Let u(z) be the first derivative of -z**4/4 + 2*z**3/3 + z**2/2 - z - 104. Determine u(2).
1
Suppose h = -4*v + 33, -4*v + 5*v - 2*h = 15. Let t(g) = g**3 - 9*g**2 + g - 11. Give t(v).
-2
Suppose -i - 1 = 2*w, -8*i + 5*i - w = 3. Let p(j) = -8*j**2 + 2. Give p(i).
-6
Let i(v) = -2*v - 12. Let g be i(11). Let o = -40 - g. Let c(q) = -q**2 - 4*q + 8. Determine c(o).
-4
Let y(g) be the third derivative of g**5/30 + g**3/3 - 2*g**2. Let w(m) be the first derivative of y(m). Determine w(3).
12
Suppose 5*y - 33 = 4*a, 5*a - 4*a - y = -7. Let h(l) = -4*l - 2. Determine h(a).
6
Suppose 2 = -c, 5*l - 4*c + c = 36. Let a(g) = g**3 - 7*g**2 + 6*g + 2. Give a(l).
2
Let v = -106 - -113. Let s(w) = 5*w**2 - 15961 + 15956 - v*w - w**3 + 3*w**2. Give s(7).
-5
Let z(u) = -5*u**2 + u + 6. Let y(q) = q**2 + q + 1. Let k(t) = -4*y(t) - z(t). Suppose -3*d = g - 21, 2*d - d + g = 7. Calculate k(d).
4
Let w be -2*(-2)/(1 + (-4)/(-4)). Let o(d) = -d**3 - d + 3. Let k be o(0). Let p(r) = -2*r**w - 6 + 4 + 6 + 4*r - r**k. Give p(-3).
1
Let p(z) = 2*z**3 + 12*z**2 - 3*z - 4. Let g(v) = -v**3 - 10*v**2 + 2*v + 3. Let x(k) = 3*g(k) + 2*p(k). What is x(5)?
-24
Let g be 1/(-3 + 10/3). Suppose -2*u + 3 + 13 = -g*b, -4*u + 4*b = -24. Let n(m) = -4*m + 3*m**2 + 28*m**3 - m**2 - 29*m**3 + 3*m. What is n(u)?
-2
Let g(q) = -80*q**2 - 10*q - 9. Let x(p) = -11*p**2 - p - 1. Let f(n) = -g(n) + 7*x(n). What is f(-2)?
8
Suppose 4*r + 5*o - 22 = -5, -4*r + 3*o + 9 = 0. Let n(j) = 3 + 5 - r*j**2 + 4*j**2 + 1 + 9*j. Give n(-9).
9
Suppose 10*l + 26 - 66 = 0. Let a(o) = -4*o + 7*o - 2 + 4*o - l*o. What is a(2)?
4
Let n(p) = -p**2 - 10*p - 11. Let u(a) = -a**2 - 14*a - 22. Let y be u(-13). Give n(y).
-2
Suppose 0 = 5*t - 13 - 2. Suppose 0 = 2*y + t*o + 5, -4*y + 0*y + 35 = -3*o. Let v(c) be the first derivative of -c**3/3 + 7*c**2/2 - 5*c - 5. Determine v(y).
5
Let n(k) = 3*k**2 - 3*k - 2. Let j(b) = -4*b**2 + 4*b + 3. Suppose -p + 19 = -3*o, -13 = 4*o + 7. Let m(h) = p*j(h) + 5*n(h). Give m(-2).
-4
Let w(o) = -o. Let j be (1*-8)/(2/(-5)). Let f be 2/6 - (1 - j/(-6)). Give w(f).
4
Let x(i) = i**2 - 7*i - 8. Let h be x(8). Suppose h + 10 = -5*a. Let c be 6 - (3 - (-4)/a). Let j(g) = -g**3 + 4*g**2 + 6*g - 2. Give j(c).
3
Let l(z) = z**3 + 18*z**2 + 4*z - 4. Let s(j) = -j**2 + j - 1. Let h(i) = l(i) + 6*s(i). Calculate h(-11).
1
Suppose 0 = r - 4*q + 6, -5*q + 9 = -0*r - r. Let l(f) = f**2 - 7*f - 6. What is l(r)?
-12
Let l(a) = -a**2 + 6*a + 13. Let f be -6 - (88/(-6) + 9/(-27)). Determine l(f).
-14
Let r(k) be the third derivative of -k**6/120 - 19*k**5/60 - 2*k**4/3 + 43*k**3/6 - 7*k**2 + 18. Determine r(-18).
7
Let w(h) be the first derivative of -h**3 - 7/2*h**2 + 9 + 4*h + 1/12*h**4. Let g(z) be the first derivative of w(z). Calculate g(7).
0
Let h(c) be the second derivative of -c**5/20 - c**4/12 + 3*c**3/2 + c**2 - 2*c - 87. What is h(-3)?
-7
Let g be -4 - -8 - (-9 + 13 - 8). Let b(q) = -3*q + 26. What is b(g)?
2
Let t(z) = -5*z + 6. Let h(r) = 2*r - 3. Let q(n) = -13*h(n) - 6